{"id":607,"date":"2025-05-27T17:29:38","date_gmt":"2025-05-27T15:29:38","guid":{"rendered":"https:\/\/tanzennrw.de\/?page_id=607"},"modified":"2025-06-02T11:49:17","modified_gmt":"2025-06-02T09:49:17","slug":"tango","status":"publish","type":"page","link":"https:\/\/tanzennrw.de\/?page_id=607","title":{"rendered":"Tango"},"content":{"rendered":"\n<p>In NRW wird Tango in vielen Facetten gelebt, von traditionell bis modern, von sinnlich bis kraftvoll. So findet jeder T\u00e4nzer und jede T\u00e4nzerin den Ausdruck, der zur eigenen Pers\u00f6nlichkeit passt.<\/p>\n\n\n\n<p>In den Videos seht ihr erfahrene T\u00e4nzerinnen und T\u00e4nzer, die verschiedene Tango-Stile pr\u00e4sentieren. H\u00e4ufig flie\u00dfen Elemente ineinander, sodass die Grenzen zwischen klassischem und zeitgen\u00f6ssischem Tango verschwimmen. Diese Offenheit macht den Tango so ausdrucksstark, intensiv und einzigartig. Viel Freude beim Zuschauen und Inspirieren lassen!<\/p>\n\n\n\n<p class=\"has-large-font-size\" id=\"Tango-Argentino\"><strong><a href=\"#Tango-Argentino\">Tango Argentino<\/a><\/strong><\/p>\n\n\n\n<p>Im Tango Argentino unterscheidet man \u00fcblicherweise drei musikalische Hauptformen: Tango, Vals und Milonga. Diese bestimmen den Rhythmus und Charakter des Tanzes auf der Tanzfl\u00e4che einer Milonga. Eine Milonga ist dabei nicht nur ein Musikstil, sondern auch der Name f\u00fcr eine Tanzveranstaltung, bei der sich T\u00e4nzerinnen und T\u00e4nzer treffen, um gemeinsam Tango zu tanzen.<\/p>\n\n\n\n<p class=\"has-large-font-size\">Tango<\/p>\n\n\n\n<p>Der klassische Stil mit betontem Rhythmus und intensiver Verbindung zwischen den Partnern. Getanzt wird meist auf 2\/4- oder 4\/8-Takt. Der Fokus liegt auf Improvisation, Eleganz und Musikalit\u00e4t.<\/p>\n\n\n\n<figure class=\"wp-block-embed is-type-video is-provider-youtube wp-block-embed-youtube wp-embed-aspect-16-9 wp-has-aspect-ratio\"><div class=\"wp-block-embed__wrapper\">\n<div class=\"nv-iframe-embed\"><iframe loading=\"lazy\" title=\"Horacio Godoy and Cecilia Berra, 1-4, Planetango XVIII\" width=\"1200\" height=\"675\" src=\"https:\/\/www.youtube.com\/embed\/HYfm69GFXDo?feature=oembed\" frameborder=\"0\" allow=\"accelerometer; autoplay; clipboard-write; encrypted-media; gyroscope; picture-in-picture; web-share\" referrerpolicy=\"strict-origin-when-cross-origin\" allowfullscreen><\/iframe><\/div>\n<\/div><\/figure>\n\n\n\n<p><\/p>\n\n\n\n<p class=\"has-large-font-size\">Vals<\/p>\n\n\n\n<p>Ein Walzer im 3\/4-Takt, basierend auf Tangomusik. Die Bewegungen sind flie\u00dfender und runder, oft mit Drehungen und kontinuierlichem Bewegungsfluss.<\/p>\n\n\n\n<figure class=\"wp-block-embed is-type-video is-provider-youtube wp-block-embed-youtube wp-embed-aspect-16-9 wp-has-aspect-ratio\"><div class=\"wp-block-embed__wrapper\">\n<div class=\"nv-iframe-embed\"><iframe loading=\"lazy\" title=\"Vals: Rosamel - Chicho Frumboli &amp; Juana Sepulveda\" width=\"1200\" height=\"675\" src=\"https:\/\/www.youtube.com\/embed\/dTGNLSiNcBY?feature=oembed\" frameborder=\"0\" allow=\"accelerometer; autoplay; clipboard-write; encrypted-media; gyroscope; picture-in-picture; web-share\" referrerpolicy=\"strict-origin-when-cross-origin\" allowfullscreen><\/iframe><\/div>\n<\/div><\/figure>\n\n\n\n<p><\/p>\n\n\n\n<p class=\"has-large-font-size\">Milonga<\/p>\n\n\n\n<p>Schneller und rhythmischer als Tango, meist im 2\/4-Takt. Weniger Pausen, viele rhythmische Schritte, oft spielerisch. Weniger dramatisch, mehr ausgelassen.<\/p>\n\n\n\n<figure class=\"wp-block-embed is-type-video is-provider-youtube wp-block-embed-youtube wp-embed-aspect-16-9 wp-has-aspect-ratio\"><div class=\"wp-block-embed__wrapper\">\n<div class=\"nv-iframe-embed\"><iframe loading=\"lazy\" title=\"Alejandra Mantinan and Aoniken Quiroga \u2013 Flor de Monserrat\" width=\"1200\" height=\"675\" src=\"https:\/\/www.youtube.com\/embed\/j5u267ZWla4?feature=oembed\" frameborder=\"0\" allow=\"accelerometer; autoplay; clipboard-write; encrypted-media; gyroscope; picture-in-picture; web-share\" referrerpolicy=\"strict-origin-when-cross-origin\" allowfullscreen><\/iframe><\/div>\n<\/div><\/figure>\n\n\n\n<p><\/p>\n\n\n\n<p class=\"has-large-font-size\"><a href=\"#Tango-de-Escenario\"><strong>Tango de Escenario<\/strong><\/a><\/p>\n\n\n\n<p>Tango de Escenario ist die B\u00fchnenform des Tango. Er wird choreografiert getanzt und enth\u00e4lt oft spektakul\u00e4re Figuren, Posen und Hebungen. Im Mittelpunkt steht die Wirkung nach au\u00dfen, nicht die Verbindung im Paar. Der Tanz ist dramatisch, kraftvoll und zeigt den Tango als Show.<\/p>\n\n\n\n<figure class=\"wp-block-embed is-type-video is-provider-youtube wp-block-embed-youtube wp-embed-aspect-16-9 wp-has-aspect-ratio\"><div class=\"wp-block-embed__wrapper\">\n<div class=\"nv-iframe-embed\"><iframe loading=\"lazy\" title=\"OSTERTANGO &#039;24 - Yanina Muzyka &amp; Emmanuel Casal dance Bandonegro - El Puntazo (live)\" width=\"1200\" height=\"675\" src=\"https:\/\/www.youtube.com\/embed\/3zmZXWcb-Bo?feature=oembed\" frameborder=\"0\" allow=\"accelerometer; autoplay; clipboard-write; encrypted-media; gyroscope; picture-in-picture; web-share\" referrerpolicy=\"strict-origin-when-cross-origin\" allowfullscreen><\/iframe><\/div>\n<\/div><\/figure>\n\n\n\n<p><\/p>\n\n\n\n<p><\/p>\n","protected":false},"excerpt":{"rendered":"<p>In NRW wird Tango in vielen Facetten gelebt, von traditionell bis modern, von sinnlich bis kraftvoll. So findet jeder T\u00e4nzer und jede T\u00e4nzerin den Ausdruck, der zur eigenen Pers\u00f6nlichkeit passt. In den Videos seht ihr erfahrene T\u00e4nzerinnen und T\u00e4nzer, die verschiedene Tango-Stile pr\u00e4sentieren. H\u00e4ufig flie\u00dfen Elemente ineinander, sodass die Grenzen zwischen klassischem und zeitgen\u00f6ssischem Tango&hellip;&nbsp;<a href=\"https:\/\/tanzennrw.de\/?page_id=607\" rel=\"bookmark\"><span class=\"screen-reader-text\">Tango<\/span><\/a><\/p>\n","protected":false},"author":1,"featured_media":0,"parent":0,"menu_order":0,"comment_status":"closed","ping_status":"closed","template":"","meta":{"neve_meta_sidebar":"","neve_meta_container":"","neve_meta_enable_content_width":"","neve_meta_content_width":0,"neve_meta_title_alignment":"","neve_meta_author_avatar":"","neve_post_elements_order":"","neve_meta_disable_header":"","neve_meta_disable_footer":"","neve_meta_disable_title":"","footnotes":""},"class_list":["post-607","page","type-page","status-publish","hentry"],"_links":{"self":[{"href":"https:\/\/tanzennrw.de\/index.php?rest_route=\/wp\/v2\/pages\/607","targetHints":{"allow":["GET"]}}],"collection":[{"href":"https:\/\/tanzennrw.de\/index.php?rest_route=\/wp\/v2\/pages"}],"about":[{"href":"https:\/\/tanzennrw.de\/index.php?rest_route=\/wp\/v2\/types\/page"}],"author":[{"embeddable":true,"href":"https:\/\/tanzennrw.de\/index.php?rest_route=\/wp\/v2\/users\/1"}],"replies":[{"embeddable":true,"href":"https:\/\/tanzennrw.de\/index.php?rest_route=%2Fwp%2Fv2%2Fcomments&post=607"}],"version-history":[{"count":12,"href":"https:\/\/tanzennrw.de\/index.php?rest_route=\/wp\/v2\/pages\/607\/revisions"}],"predecessor-version":[{"id":648,"href":"https:\/\/tanzennrw.de\/index.php?rest_route=\/wp\/v2\/pages\/607\/revisions\/648"}],"wp:attachment":[{"href":"https:\/\/tanzennrw.de\/index.php?rest_route=%2Fwp%2Fv2%2Fmedia&parent=607"}],"curies":[{"name":"wp","href":"https:\/\/api.w.org\/{rel}","templated":true}]}}