{"id":275,"date":"2025-04-01T01:19:43","date_gmt":"2025-03-31T23:19:43","guid":{"rendered":"https:\/\/tanzennrw.de\/?page_id=275"},"modified":"2026-01-30T09:24:27","modified_gmt":"2026-01-30T08:24:27","slug":"telegram-chat","status":"publish","type":"page","link":"https:\/\/tanzennrw.de\/?page_id=275","title":{"rendered":"Telegram Chat"},"content":{"rendered":"\n<p>Bei TanzenNRW.de vernetzen sich unsere T\u00e4nzerinnen und T\u00e4nzer \u00fcber Telegram-Gruppen, aufgeteilt nach den gr\u00f6\u00dften St\u00e4dten in NRW. Jede Stadtgruppe bietet separate R\u00e4ume f\u00fcr unterschiedliche Tanzstile wie Salsa, Bachata, Kizomba,Tango usw. Hier kannst du dich mit anderen austauschen, Tanzpartner finden oder dich f\u00fcr Tanzpartys verabreden.<br><br><strong>Die Chat-Gruppen findest du hier<\/strong><br><a href=\"https:\/\/t.me\/TanzenNRW\" target=\"_blank\" rel=\"noreferrer noopener\"><strong>https:\/\/t.me\/TanzenNRW<\/strong><\/a><\/p>\n\n\n\n<p><strong>Bitte schaut euch vorab die kurze Videoanleitung an.<\/strong><\/p>\n\n\n\n<div class=\"wp-block-columns is-layout-flex wp-container-core-columns-is-layout-9d6595d7 wp-block-columns-is-layout-flex\">\n<div class=\"wp-block-column is-layout-flow wp-block-column-is-layout-flow\">\n<figure class=\"wp-block-video\"><video height=\"2352\" style=\"aspect-ratio: 1080 \/ 2352;\" width=\"1080\" controls src=\"https:\/\/tanzennrw.de\/wp-content\/uploads\/2025\/09\/TanzenNRW_Telegram_Anleitung.mp4\"><\/video><\/figure>\n<\/div>\n\n\n\n<div class=\"wp-block-column is-layout-flow wp-block-column-is-layout-flow\"><\/div>\n\n\n\n<div class=\"wp-block-column is-layout-flow wp-block-column-is-layout-flow\"><\/div>\n<\/div>\n\n\n\n<p>Mit deiner Teilnahme setzen wir voraus, dass du mit den <a href=\"https:\/\/TanzenNRW.de\/?page_id=277\">Regeln<\/a> und den <a href=\"https:\/\/TanzenNRW.de\/?page_id=39\">Datenschutzbestimmungen<\/a> einverstanden bist.<\/p>\n\n\n\n<p><\/p>\n","protected":false},"excerpt":{"rendered":"<p>Bei TanzenNRW.de vernetzen sich unsere T\u00e4nzerinnen und T\u00e4nzer \u00fcber Telegram-Gruppen, aufgeteilt nach den gr\u00f6\u00dften St\u00e4dten in NRW. Jede Stadtgruppe bietet separate R\u00e4ume f\u00fcr unterschiedliche Tanzstile wie Salsa, Bachata, Kizomba,Tango usw. Hier kannst du dich mit anderen austauschen, Tanzpartner finden oder dich f\u00fcr Tanzpartys verabreden. Die Chat-Gruppen findest du hierhttps:\/\/t.me\/TanzenNRW Bitte schaut euch vorab die kurze&hellip;&nbsp;<a href=\"https:\/\/tanzennrw.de\/?page_id=275\" rel=\"bookmark\"><span class=\"screen-reader-text\">Telegram Chat<\/span><\/a><\/p>\n","protected":false},"author":1,"featured_media":0,"parent":0,"menu_order":0,"comment_status":"closed","ping_status":"closed","template":"","meta":{"neve_meta_sidebar":"","neve_meta_container":"","neve_meta_enable_content_width":"","neve_meta_content_width":0,"neve_meta_title_alignment":"","neve_meta_author_avatar":"","neve_post_elements_order":"","neve_meta_disable_header":"","neve_meta_disable_footer":"","neve_meta_disable_title":"","footnotes":""},"class_list":["post-275","page","type-page","status-publish","hentry"],"_links":{"self":[{"href":"https:\/\/tanzennrw.de\/index.php?rest_route=\/wp\/v2\/pages\/275","targetHints":{"allow":["GET"]}}],"collection":[{"href":"https:\/\/tanzennrw.de\/index.php?rest_route=\/wp\/v2\/pages"}],"about":[{"href":"https:\/\/tanzennrw.de\/index.php?rest_route=\/wp\/v2\/types\/page"}],"author":[{"embeddable":true,"href":"https:\/\/tanzennrw.de\/index.php?rest_route=\/wp\/v2\/users\/1"}],"replies":[{"embeddable":true,"href":"https:\/\/tanzennrw.de\/index.php?rest_route=%2Fwp%2Fv2%2Fcomments&post=275"}],"version-history":[{"count":42,"href":"https:\/\/tanzennrw.de\/index.php?rest_route=\/wp\/v2\/pages\/275\/revisions"}],"predecessor-version":[{"id":1338,"href":"https:\/\/tanzennrw.de\/index.php?rest_route=\/wp\/v2\/pages\/275\/revisions\/1338"}],"wp:attachment":[{"href":"https:\/\/tanzennrw.de\/index.php?rest_route=%2Fwp%2Fv2%2Fmedia&parent=275"}],"curies":[{"name":"wp","href":"https:\/\/api.w.org\/{rel}","templated":true}]}}