{"id":17,"date":"2025-03-11T18:57:39","date_gmt":"2025-03-11T17:57:39","guid":{"rendered":"https:\/\/tanzennrw.de\/?page_id=17"},"modified":"2026-01-31T10:57:19","modified_gmt":"2026-01-31T09:57:19","slug":"bachata","status":"publish","type":"page","link":"https:\/\/tanzennrw.de\/?page_id=17","title":{"rendered":"Bachata"},"content":{"rendered":"\n<p>In NRW wird sowohl <strong>Bachata Sensual<\/strong> als auch <strong>Bachata Moderna<\/strong> getanzt, sodass jeder den Stil finden kann, der am besten zu ihm passt!<\/p>\n\n\n\n<p>In den Videos seht ihr professionelle T\u00e4nzer, die entweder <strong>Bachata Sensual<\/strong> oder <strong>Bachata Moderna<\/strong> tanzen. Bitte beachtet, dass Profis oft verschiedene Elemente miteinander kombinieren, sodass nicht jeder Schritt einem Stil eindeutig zugeordnet werden kann. Viel Spa\u00df beim Anschauen und Inspirieren lassen!<\/p>\n\n\n\n<p class=\"has-large-font-size\" id=\"bachata-sensual\"><strong><a href=\"#bachata-sensual\">Bachata Sensual<\/a><\/strong><\/p>\n\n\n\n<p>Bachata Sensual ist gepr\u00e4gt von flie\u00dfenden Bewegungen, K\u00f6rperwellen und intensiver Musikalit\u00e4t. Der Tanzstil basiert auf enger Verbindung, kontrollierten Isolationsbewegungen und eleganten Figuren.<\/p>\n\n\n\n<div class=\"yt-placeholder\"\n     data-video-id=\"wNvO2wsnprk\"\n     style=\"max-width:800px; aspect-ratio:16\/9; background:#000;\n            display:flex; align-items:center; justify-content:center;\n            color:#fff; cursor:pointer;\">\n  \u25b6 Video laden (YouTube)\n<\/div>\n\n<script>\ndocument.querySelectorAll('.yt-placeholder').forEach(function (el) {\n  el.addEventListener('click', function () {\n    const videoId = this.dataset.videoId;\n    this.outerHTML = `\n      <iframe\n        src=\"https:\/\/www.youtube-nocookie.com\/embed\/${videoId}\"\n        style=\"width:100%; aspect-ratio:16\/9;\"\n        allowfullscreen>\n      <\/iframe>`;\n  });\n});\n<\/script>\n\n\n\n<p><\/p>\n\n\n\n<p class=\"has-large-font-size\" id=\"bachata-moderna\"><strong><a href=\"#bachata-moderna\">Bachata Moderna<\/a><\/strong><\/p>\n\n\n\n<p>Bachata Moderna kombiniert klassische Bachata-Schritte mit Elementen aus Salsa, Tango und Zouk. Der Stil ist dynamisch, kreativ und erlaubt mehr offene Figuren sowie Richtungswechsel.<\/p>\n\n\n\n<div class=\"yt-placeholder\"\n     data-video-id=\"oveuoGLw0WA\"\n     style=\"max-width:800px; aspect-ratio:16\/9; background:#000;\n            display:flex; align-items:center; justify-content:center;\n            color:#fff; cursor:pointer;\">\n  \u25b6 Video laden (YouTube)\n<\/div>\n\n<script>\ndocument.querySelectorAll('.yt-placeholder').forEach(function (el) {\n  el.addEventListener('click', function () {\n    const videoId = this.dataset.videoId;\n    this.outerHTML = `\n      <iframe\n        src=\"https:\/\/www.youtube-nocookie.com\/embed\/${videoId}\"\n        style=\"width:100%; aspect-ratio:16\/9;\"\n        allowfullscreen>\n      <\/iframe>`;\n  });\n});\n<\/script>\n\n\n\n<p><\/p>\n\n\n\n<p><\/p>\n","protected":false},"excerpt":{"rendered":"<p>In NRW wird sowohl Bachata Sensual als auch Bachata Moderna getanzt, sodass jeder den Stil finden kann, der am besten zu ihm passt! In den Videos seht ihr professionelle T\u00e4nzer, die entweder Bachata Sensual oder Bachata Moderna tanzen. Bitte beachtet, dass Profis oft verschiedene Elemente miteinander kombinieren, sodass nicht jeder Schritt einem Stil eindeutig zugeordnet&hellip;&nbsp;<a href=\"https:\/\/tanzennrw.de\/?page_id=17\" rel=\"bookmark\"><span class=\"screen-reader-text\">Bachata<\/span><\/a><\/p>\n","protected":false},"author":1,"featured_media":0,"parent":0,"menu_order":0,"comment_status":"closed","ping_status":"closed","template":"","meta":{"neve_meta_sidebar":"","neve_meta_container":"","neve_meta_enable_content_width":"","neve_meta_content_width":0,"neve_meta_title_alignment":"","neve_meta_author_avatar":"","neve_post_elements_order":"","neve_meta_disable_header":"","neve_meta_disable_footer":"","neve_meta_disable_title":"","footnotes":""},"class_list":["post-17","page","type-page","status-publish","hentry"],"_links":{"self":[{"href":"https:\/\/tanzennrw.de\/index.php?rest_route=\/wp\/v2\/pages\/17","targetHints":{"allow":["GET"]}}],"collection":[{"href":"https:\/\/tanzennrw.de\/index.php?rest_route=\/wp\/v2\/pages"}],"about":[{"href":"https:\/\/tanzennrw.de\/index.php?rest_route=\/wp\/v2\/types\/page"}],"author":[{"embeddable":true,"href":"https:\/\/tanzennrw.de\/index.php?rest_route=\/wp\/v2\/users\/1"}],"replies":[{"embeddable":true,"href":"https:\/\/tanzennrw.de\/index.php?rest_route=%2Fwp%2Fv2%2Fcomments&post=17"}],"version-history":[{"count":13,"href":"https:\/\/tanzennrw.de\/index.php?rest_route=\/wp\/v2\/pages\/17\/revisions"}],"predecessor-version":[{"id":1380,"href":"https:\/\/tanzennrw.de\/index.php?rest_route=\/wp\/v2\/pages\/17\/revisions\/1380"}],"wp:attachment":[{"href":"https:\/\/tanzennrw.de\/index.php?rest_route=%2Fwp%2Fv2%2Fmedia&parent=17"}],"curies":[{"name":"wp","href":"https:\/\/api.w.org\/{rel}","templated":true}]}}