{"id":1354,"date":"2026-01-30T12:50:53","date_gmt":"2026-01-30T11:50:53","guid":{"rendered":"https:\/\/tanzennrw.de\/?page_id=1354"},"modified":"2026-01-31T16:35:29","modified_gmt":"2026-01-31T15:35:29","slug":"transparenz","status":"publish","type":"page","link":"https:\/\/tanzennrw.de\/?page_id=1354","title":{"rendered":"Transparenz"},"content":{"rendered":"\n<p><strong>Hinweis zu KI-gest\u00fctzten Inhalten<\/strong><\/p>\n\n\n\n<p>Ein Teil der auf dieser Webseite sowie auf unseren zugeh\u00f6rigen Social-Media-Kan\u00e4len ver\u00f6ffentlichten Inhalte (z. B. Texte, Bilder, Videos oder Musik) wurde unter Einsatz von KI-gest\u00fctzten Werkzeugen erstellt oder bearbeitet. Wir haben die KI generierten Bilder mit dem Logo von TanzenNRW.de versehen (meistens links unten).<\/p>\n\n\n\n<figure class=\"wp-block-image size-full\"><img loading=\"lazy\" decoding=\"async\" width=\"92\" height=\"150\" src=\"https:\/\/tanzennrw.de\/wp-content\/uploads\/2026\/01\/logo_dunkel.png\" alt=\"\" class=\"wp-image-1421\"\/><\/figure>\n\n\n\n<p>Die Inhalte dienen ausschlie\u00dflich der Information bzw. Unterhaltung und stellen keine individuellen Empfehlungen oder Zusicherungen dar. Eine Verarbeitung personenbezogener Daten der Webseitenbesucher im Rahmen der Erstellung dieser Inhalte findet nicht statt.<\/p>\n\n\n\n<p><\/p>\n","protected":false},"excerpt":{"rendered":"<p>Hinweis zu KI-gest\u00fctzten Inhalten Ein Teil der auf dieser Webseite sowie auf unseren zugeh\u00f6rigen Social-Media-Kan\u00e4len ver\u00f6ffentlichten Inhalte (z. B. Texte, Bilder, Videos oder Musik) wurde unter Einsatz von KI-gest\u00fctzten Werkzeugen erstellt oder bearbeitet. Wir haben die KI generierten Bilder mit dem Logo von TanzenNRW.de versehen (meistens links unten). Die Inhalte dienen ausschlie\u00dflich der Information bzw.&hellip;&nbsp;<a href=\"https:\/\/tanzennrw.de\/?page_id=1354\" rel=\"bookmark\"><span class=\"screen-reader-text\">Transparenz<\/span><\/a><\/p>\n","protected":false},"author":1,"featured_media":0,"parent":0,"menu_order":0,"comment_status":"closed","ping_status":"closed","template":"","meta":{"neve_meta_sidebar":"","neve_meta_container":"","neve_meta_enable_content_width":"","neve_meta_content_width":0,"neve_meta_title_alignment":"","neve_meta_author_avatar":"","neve_post_elements_order":"","neve_meta_disable_header":"","neve_meta_disable_footer":"","neve_meta_disable_title":"","footnotes":""},"class_list":["post-1354","page","type-page","status-publish","hentry"],"_links":{"self":[{"href":"https:\/\/tanzennrw.de\/index.php?rest_route=\/wp\/v2\/pages\/1354","targetHints":{"allow":["GET"]}}],"collection":[{"href":"https:\/\/tanzennrw.de\/index.php?rest_route=\/wp\/v2\/pages"}],"about":[{"href":"https:\/\/tanzennrw.de\/index.php?rest_route=\/wp\/v2\/types\/page"}],"author":[{"embeddable":true,"href":"https:\/\/tanzennrw.de\/index.php?rest_route=\/wp\/v2\/users\/1"}],"replies":[{"embeddable":true,"href":"https:\/\/tanzennrw.de\/index.php?rest_route=%2Fwp%2Fv2%2Fcomments&post=1354"}],"version-history":[{"count":4,"href":"https:\/\/tanzennrw.de\/index.php?rest_route=\/wp\/v2\/pages\/1354\/revisions"}],"predecessor-version":[{"id":1422,"href":"https:\/\/tanzennrw.de\/index.php?rest_route=\/wp\/v2\/pages\/1354\/revisions\/1422"}],"wp:attachment":[{"href":"https:\/\/tanzennrw.de\/index.php?rest_route=%2Fwp%2Fv2%2Fmedia&parent=1354"}],"curies":[{"name":"wp","href":"https:\/\/api.w.org\/{rel}","templated":true}]}}